f 168?
True
Is 11 a factor of 7315?
True
Does 48 divide 864?
True
Does 98 divide 18229?
False
Does 117 divide 19071?
True
Is 21 a factor of 15407?
False
Is 125 a factor of 7809?
False
Does 58 divide 638?
True
Is 9905 a multiple of 3?
False
Is 27 a factor of 272?
False
Is 357 a multiple of 7?
True
Is 86 a factor of 42484?
True
Is 329 a multiple of 14?
False
Does 72 divide 12426?
False
Is 33 a factor of 5841?
True
Is 38062 a multiple of 99?
False
Is 4 a factor of 228?
True
Does 20 divide 11423?
False
Is 2 a factor of 8?
True
Is 1782 a multiple of 15?
False
Does 51 divide 11322?
True
Does 7 divide 1761?
False
Is 5 a factor of 83?
False
Is 310 a multiple of 13?
False
Does 17 divide 3264?
True
Is 13 a factor of 724?
False
Is 2086 a multiple of 20?
False
Does 18 divide 432?
True
Does 305 divide 7930?
True
Does 4 divide 4?
True
Is 292 a factor of 87968?
False
Is 88 a multiple of 3?
False
Does 16 divide 8176?
True
Is 31 a factor of 806?
True
Is 22 a factor of 242?
True
Is 62 a factor of 28768?
True
Does 81 divide 1782?
True
Is 9 a factor of 135?
True
Does 3 divide 27?
True
Is 15 a factor of 1499?
False
Does 5 divide 1792?
False
Is 233 a multiple of 54?
False
Is 10812 a multiple of 93?
False
Is 63 a multiple of 3?
True
Does 39 divide 15783?
False
Is 62 a factor of 82150?
True
Is 924 a multiple of 4?
True
Is 8 a factor of 9?
False
Is 58 a factor of 17240?
False
Is 131 a factor of 9026?
False
Is 719 a multiple of 33?
False
Is 68 a factor of 1515?
False
Does 11 divide 3850?
True
Is 43875 a multiple of 39?
True
Is 6849 a multiple of 6?
False
Does 16 divide 531?
False
Is 19 a factor of 7429?
True
Does 45 divide 19710?
True
Is 8 a factor of 264?
True
Does 12 divide 396?
True
Is 8 a factor of 2272?
True
Does 110 divide 3550?
False
Does 9 divide 8964?
True
Is 17 a factor of 1111?
False
Does 12 divide 4008?
True
Is 17 a factor of 629?
True
Does 17 divide 44387?
True
Is 31 a factor of 6913?
True
Is 9 a factor of 490?
False
Is 71 a factor of 32163?
True
Is 24787 a multiple of 7?
True
Is 13447 a multiple of 119?
True
Is 2666 a multiple of 86?
True
Is 5950 a multiple of 70?
True
Is 27 a factor of 189?
True
Is 1452 a multiple of 12?
True
Is 4788 a multiple of 7?
True
Is 10699 a multiple of 13?
True
Is 1400 a multiple of 25?
True
Does 61 divide 10919?
True
Is 58 a multiple of 4?
False
Is 19 a factor of 20107?
False
Is 92 a multiple of 7?
False
Is 960 a multiple of 24?
True
Is 4824 a multiple of 18?
True
Is 37 a factor of 1147?
True
Does 5 divide 2545?
True
Is 61272 a multiple of 68?
False
Does 256 divide 35072?
True
Is 178 a factor of 76540?
True
Is 6 a factor of 114?
True
Does 15 divide 1245?
True
Does 28 divide 63530?
False
Is 13 a factor of 221?
True
Is 660 a multiple of 13?
False
Is 741 a multiple of 8?
False
Is 76 even?
True
Does 8 divide 126?
False
Does 8 divide 180?
False
Does 114 divide 5928?
True
Is 74018 a multiple of 7?
True
Does 9 divide 6031?
False
Is 864 a multiple of 9?
True
Is 95 a factor of 3529?
False
Is 15 a factor of 930?
True
Does 54 divide 4073?
False
Is 60 a multiple of 29?
False
Is 18 a factor of 40446?
True
Is 47472 a multiple of 23?
True
Does 16 divide 7344?
True
Does 6 divide 768?
True
Is 9 a factor of 4551?
False
Is 93156 a multiple of 12?
True
Does 46 divide 8048?
False
Does 44 divide 308?
True
Does 22 divide 1567?
False
Is 8 a factor of 435?
False
Is 45 a factor of 551?
False
Is 76874 a multiple of 17?
True
Is 4052 a multiple of 43?
False
Is 10 a factor of 72?
False
Is 38 a factor of 1216?
True
Does 14 divide 13342?
True
Does 2 divide 217?
False
Is 18 a multiple of 6?
True
Does 7 divide 893?
False
Does 347 divide 72848?
False
Is 3 a factor of 1081?
False
Is 24 a multiple of 3?
True
Is 6 a factor of 145?
False
Is 14 a factor of 98?
True
Does 3 divide 45?
True
Is 28 a factor of 4256?
True
Is 15120 a multiple of 14?
True
Is 26 a factor of 9776?
True
Does 42 divide 42?
True
Is 34 a factor of 2957?
False
Is 47 a factor of 3542?
False
Is 27873 a multiple of 170?
False
Is 44 a factor of 967?
False
Is 9 a factor of 2218?
False
Is 5 a factor of 948?
False
Is 109934 a multiple of 239?
False
Does 30 divide 22620?
True
Does 9 divide 140991?
False
Does 42 divide 1399?
False
Is 5038 a multiple of 30?
False
Is 526 a multiple of 10?
False
Does 78 divide 31044?
True
Is 177 a factor of 9969?
False
Is 66192 a multiple of 56?
True
Is 49 a factor of 493?
False
Is 3 a factor of 48?
True
Is 36 a factor of 180?
True
Is 32053 a multiple of 99?
False
Is 12417 a multiple of 15?
False
Does 77 divide 2849?
True
Does 118 divide 9063?
False
Is 121 a factor of 8591?
True
Is 49 a factor of 3146?
False
Does 31 divide 651?
True
Is 84 a factor of 1428?
True
Does 6 divide 197?
False
Is 60 a multiple of 29?
False
Is 108 a factor of 4536?
True
Is 6 a factor of 57554?
False
Is 6608 a multiple of 25?
False
Does 275 divide 18425?
True
Does 11 divide 1265?
True
Is 554 even?
True
Does 18 divide 180?
True
Is 74 a factor of 74?
True
Does 28 divide 1260?
True
Does 9 divide 9?
True
Is 815 a multiple of 26?
False
Is 11 a factor of 510?
False
Is 760 a multiple of 4?
True
Is 6 a factor of 519?
False
Is 90 a multiple of 9?
True
Is 1246 a multiple of 14?
True
Does 25 divide 455?
False
Is 41 a factor of 1107?
True
Is 15574 a multiple of 28?
False
Is 15887 a multiple of 20?
False
Is 47 a factor of 34968?
True
Is 31 a factor of 340?
False
Is 240 a factor of 49195?
False
Does 5 divide 985?
True
Is 22 a factor of 20152?
True
Does 43 divide 4687?
True
Is 392 a multiple of 28?
True
Is 24057 a multiple of 99?
True
Is 12 a factor of 2268?
True
Does 42 divide 4970?
False
Is 113563 a multiple of 47?
False
Does 42 divide 840?
True
Does 60 divide 1277?
False
Is 21 a factor of 506?
False
Does 19 divide 22273?
False
Is 424 a multiple of 4?
True
Is 9 a factor of 477?
True
Is 3707 a multiple of 77?
False
Is 72363 a multiple of 18?
False
Is 4956 a multiple of 12?
True
Does 19 divide 825?
False
Is 1800 a multiple of 90?
True
Is 24 a factor of 216?
True
Is 36 a factor of 2304?
True
Is 47 a factor of 10669?
True
Is 2 a factor of 9551?
False
Is 17 a factor of 13226?
True
Does 7 divide 294?
True
Is 50 a factor of 1200?
True
Does 45 divide 21699?
False
Is 52 a factor of 1143?
False
Does 28 divide 504?
True
Is 40 a factor of 263?
False
Is 10038 a multiple of 42?
True
Is 44 a factor of 69?
False
Does 20 divide 2200?
True
Is 14 a factor of 2712?
False
Does 32 divide 16089?
False
Is 15 a factor of 1515?
True
Is 168 a multiple of 14?
True
Is 372 a multiple of 19?
False
Does 16 divide 43458?
False
Is 43 a factor of 279?
False
Is 6 a factor of 10008?
True
Is 4 a factor of 908?
True
Does 26 divide 598?
True
Does 3 divide 391?
False
Does 42 divide 4911?
False
Does 8 divide 243?
False
Is 66 a factor of 5808?
True
Is 737 a multiple of 9?
False
Is 14 a factor of 3355?
False
Is 10382 a multiple of 58?
True
Is 141 a multiple of 47?
True
Is 9 a factor of 946?
False
Is 159 a multiple of 14?
False
Is 112 a factor of 20720?
True
Is 42 a factor of 14069?
False
Is 134 a multiple of 3?
False
Does 4 divide 275?
False
Is 207 a factor of 49021?
False
Is 136 a multiple of 76?
False
Is 30831 a multiple of 16?
False
Is 4 a factor of 253?
False
Is 6 a factor of 1278?
True
Is 5 a factor of 565?
True
Is 22960 a multiple of 140?
True
Does 16 divide 451?
False
Does 10 divide 12810?
True
Does 131 divide 1441?
True
Is 40 a factor of 26180?
False
Is 24 a factor of 1001?
False
Does 265 divide 6360?
True
Is 30624 a multiple of 232?
True
Is 4 a factor of 3968?
True
Is 130 a factor of 78000?
True
Is 29 a factor of 5883?
False
Is 4515 a multiple of 15?
True
Does 210 divide 32792?
False
Is 107952 a multiple of 99?
False
Is 78 a factor of 42744?
True
Is 3402 a multiple of 9?
True
Is 21840 a multiple of 210?
True
Is 68 a factor of 2797?
False
Does 23 divide 47268?
False
Does 3 divide 200?
False
Is 116909 a multiple of 89?
False
Does 4 divide 861?
False
Is 26749 a multiple of 23?
True
Is 54 a factor of 918?
True
Is 10842 a multiple of 30?
False
Does 45 divide 3315?
False
Is 17469 a multiple of 157?
False
Is 18 a factor of 18450?
True
Is 11 a factor of 11429?
True
Is 11543 a multiple of 12?
False
Is 131372 a multiple of 19?
False
Is 1291 a multiple of 9?
False
Does 409 divide 24854?
False
Does 19 divide 70578?
False
Is 17938 a multiple of 18?
False
Is 